{"id":8110,"date":"2020-11-17T18:00:42","date_gmt":"2020-11-17T16:00:42","guid":{"rendered":"https:\/\/staging.mittelalterkraemer.de\/?post_type=product&#038;p=8110"},"modified":"2021-03-08T18:24:51","modified_gmt":"2021-03-08T16:24:51","slug":"hochmittelalter-gugel-kopie","status":"publish","type":"product","link":"https:\/\/staging.mittelalterkraemer.de\/?product=hochmittelalter-gugel-kopie","title":{"rendered":"Hochmittelalter &#8211; Gugel"},"content":{"rendered":"<p>Eine Gugel aus Wolle mit Naturleinen gef\u00fcttert.<br \/>\nM = f\u00fcr 58-59 cm Kopfumfang<br \/>\nL = f\u00fcr 60-61 cm Kopfumfang<br \/>\nXL = f\u00fcr 62-64 cm Kopfumfang<\/p>\n<p>In den Farben Grau, Schwarz und Braun, entsprechend der in unserem Onlineladen angebotenen M\u00e4ntel sofort lieferbar.<\/p>\n<p>Andere <a href=\"https:\/\/staging.mittelalterkraemer.de\/?page_id=8703\"><u>Farben<\/u><\/a> mit einer Lieferzeit von 6 &#8211; 12 Wochen lieferbar.<\/p>\n<p>Ma\u00dfanfertigungen sind f\u00fcr einen Aufpreis von 20% ebenfalls m\u00f6glich.<br \/>\nWaren auf Ma\u00df sind vom Umtausch ausgeschlossen.<br \/>\nEine Tabelle f\u00fcr die erforderlichen Ma\u00dfe wird von uns nach Zahlungseingang versendet.<\/p>\n<p>Alle sichtbaren N\u00e4hte handvern\u00e4ht.<\/p>\n<p><b>Eine Gugel aus Wollstoff, Innen gef\u00fcttert mit naturfarbigem Leinen. Die F\u00fctterung verleiht dem Kleidungsst\u00fcck mehr Stabilit\u00e4t, d\u00e4mmt gegen K\u00e4lte und Hitze und vermeidet Kratzen. Die Gugel ist mit dem f\u00fcr Hochmittelalter typischen kurzen Zipfel und relativ schmalem Schulterschutz gearbeitet.<\/b><\/p>\n<p>Die Gugel ist das Kleidungsst\u00fcck des Mittelalters das alle anderen \u00fcberdauerte. Letzlich gibt es das Kleidungsst\u00fcck als Tracht auch heute noch als Erkennungssymbol zum Beispiel f\u00fcr den Geheimbund der Guglm\u00e4nner.<br \/>\nMit Anfang des Hochmittelalters tauchte sie auf und war vor allem Gebrauchsgegenstand. Erst im 14. Jh. wurde sie Statussymbol und Zierde. Sie wurde bunt, mit Gl\u00f6ckchen und Kn\u00f6pfen verziert, mit Zaddeln versehen und der Zipfel wurde immer l\u00e4nger. Erst ab dieser Zeit wurde die Gugel auch zu einem ausgesprochen m\u00e4nnlichem Kleidungsst\u00fcck, und das Tragen von Gugeln von Frauen galt in manchen Gegenden als Zeichen der &#8220;Unrechtschaffenheit&#8221;.<\/p>\n<p>Zur Zeit des Hochmittelalters gab die Gugel vor allem warm und zwar am ganzen Kopf und am Hals. Zudem wurden die Schultern zus\u00e4tzlich vor Wind und Wetter gesch\u00fctzt. Sie wurde zu diesem Zwecke von Frauen und M\u00e4nnern getragen.<\/p>\n<p>Die Gugel wurde von allen Schichten getragen. Im Codex Manesse von einem K\u00f6nig (Folio 10 recto) und von Narren und Musikanten (Folio 13 recto). In der Maciejowski Bibel von einfacheren M\u00e4nnern wie Hirten (Folio 25 verso), Pilgern (Folio 26 verso) aber auch Bettlern und Bittstellern (Folio 10 verso). Eine Frau mit Gugel fand ich leider nur in dem nicht hochmittelalterlichen, franz\u00f6sischem Manuskript \u00bbLa Teseida\u00ab des Boccaccio (Szene: Emilia, Arcitas und Palemon im Gebet zu Diana). Eine so sp\u00e4te Abbildung deutet aber auf eine Breite Nutzung der Gugel als Gebrauchsartikel in fr\u00fcheren Zeiten hin.<br \/>\nDie Guimpe oder der Wimpel, Teil des Nonnenhabits, war letztlich auch eine Gugel mit aufgelegtem Tuch. Auch diese entstand aus einer mittelalterlichen Kopfbedeckung f\u00fcr Frauen wie man auf Folio 14 recto der Maciejowski-Bibel erkennen kann.<\/p>\n<p>Auch im Sachsenspiegel sind auf Folio 78 verso Gugeln abgebildet.<\/p>\n<p>Au\u00dferdem ist die Gugel als typisch deutsch zu betrachten.<br \/>\nZwar wurde die Gugel in der ganzen bekannten Welt getragen, trotzdem trug sie aber den Namen unter dem man sie in ihrem Herkunftsbereich kannte. So gab es f\u00fcr die Gugel in den meisten Sprachen kein eigenes Wort zum Beispiel in England, Frankreich und auch Spanien.<\/p>\n<p>&nbsp;<\/p>\n<p><span style=\"font-size: 75%;\">Dekorationsartikel geh\u00f6ren nicht zum Lieferumfang<\/span><\/p>\n<p><span style=\"font-size: 75%;\">*Ma\u00dfgefertigte Produkte werden individuell auf vom Kunden zur Verf\u00fcgung gestellten Ma\u00dfen angefertigt. Die entsprechende Ma\u00dftabelle wird nach Bestellung an die angegebene E-Mail-Adresse versendet. Die Ma\u00dfe m\u00fcssen so genommen werden wie die Kleidung nachher getragen werden soll, also mit entsprechender Unterw\u00e4sche\/-kleidung, falls gew\u00fcnscht. Ma\u00dfgefertigte Waren sind vom Umtausch ausgeschlossen.<\/span><\/p>\n<p><span style=\"font-size: 75%;\">**Komplett handvern\u00e4ht bedeutet dass alle N\u00e4hte von Hand vern\u00e4ht werden, inklusive aller sichtbaren und unsichtbaren N\u00e4hte.<\/span><\/p>\n<p><span style=\"font-size: 75%;\">***Wollstoff aus mindestens 80% Wolle und h\u00f6chstens 20% Polyamid<\/span><\/p>\n","protected":false},"excerpt":{"rendered":"<p>Eine Gugel aus Wolle mit Naturleinen gef\u00fcttert. M = f\u00fcr 58-59 cm Kopfumfang L = f\u00fcr 60-61 cm Kopfumfang XL = f\u00fcr 62-64 cm Kopfumfang In den Farben Grau, Schwarz und Braun, entsprechend der in unserem Onlineladen angebotenen M\u00e4ntel sofort lieferbar. Andere Farben mit einer Lieferzeit von 6 &#8211; 12 Wochen lieferbar. Ma\u00dfanfertigungen sind f\u00fcr [&#8230;]\n","protected":false},"featured_media":366,"comment_status":"open","ping_status":"closed","template":"","meta":[],"product_cat":[74,75,95,91,90,94],"product_tag":[],"class_list":{"0":"post-8110","1":"product","2":"type-product","3":"status-publish","4":"has-post-thumbnail","6":"product_cat-kleidung-damen","7":"product_cat-kleidung-herren","8":"product_cat-kopfbedeckungen-kleidung-herren","9":"product_cat-kopfbedeckungen","10":"product_cat-oberbekleidung-maentel","11":"product_cat-oberbekleidung-maentel-kleidung-herren","12":"product_shipping_class-stdversand","13":"tm-has-options","15":"first","16":"instock","17":"taxable","18":"shipping-taxable","19":"purchasable","20":"product-type-variable","21":"has-default-attributes"},"_links":{"self":[{"href":"https:\/\/staging.mittelalterkraemer.de\/index.php?rest_route=\/wp\/v2\/product\/8110","targetHints":{"allow":["GET"]}}],"collection":[{"href":"https:\/\/staging.mittelalterkraemer.de\/index.php?rest_route=\/wp\/v2\/product"}],"about":[{"href":"https:\/\/staging.mittelalterkraemer.de\/index.php?rest_route=\/wp\/v2\/types\/product"}],"replies":[{"embeddable":true,"href":"https:\/\/staging.mittelalterkraemer.de\/index.php?rest_route=%2Fwp%2Fv2%2Fcomments&post=8110"}],"wp:featuredmedia":[{"embeddable":true,"href":"https:\/\/staging.mittelalterkraemer.de\/index.php?rest_route=\/wp\/v2\/media\/366"}],"wp:attachment":[{"href":"https:\/\/staging.mittelalterkraemer.de\/index.php?rest_route=%2Fwp%2Fv2%2Fmedia&parent=8110"}],"wp:term":[{"taxonomy":"product_cat","embeddable":true,"href":"https:\/\/staging.mittelalterkraemer.de\/index.php?rest_route=%2Fwp%2Fv2%2Fproduct_cat&post=8110"},{"taxonomy":"product_tag","embeddable":true,"href":"https:\/\/staging.mittelalterkraemer.de\/index.php?rest_route=%2Fwp%2Fv2%2Fproduct_tag&post=8110"}],"curies":[{"name":"wp","href":"https:\/\/api.w.org\/{rel}","templated":true}]}}