{"id":551,"date":"2020-09-25T12:28:30","date_gmt":"2020-09-25T12:28:30","guid":{"rendered":"https:\/\/staging.mittelalterkraemer.de\/?product=hochmittelalter-normannenzelt-leinen"},"modified":"2021-03-05T13:11:51","modified_gmt":"2021-03-05T11:11:51","slug":"hochmittelalter-normannenzelt-leinen","status":"publish","type":"product","link":"https:\/\/staging.mittelalterkraemer.de\/?product=hochmittelalter-normannenzelt-leinen","title":{"rendered":"Hochmittelalter &#8211; Normannenzelt"},"content":{"rendered":"<p>Ein Normannenzelt aus Baumwolle oder Leinen.<br \/>\nMa\u00dfe am Boden 6 x 3 Meter<br \/>\nH\u00f6he 2,35 Meter<\/p>\n<p>Impr\u00e4gnierte Baumwolle ca. 300g\/qm<br \/>\noder<br \/>\nImpr\u00e4gniertes Leinen ca. 550 g\/qm<\/p>\n<p>Optional mit nicht sichtbaren Kunststoffstreifen in den N\u00e4hten zur Verst\u00e4rkung und zur besseren Abdichtung (+ 100 Euro).<\/p>\n<p>Paketinhalt:<br \/>\nPlane, 2 zweiteilige Masten mit insgesamt 2,35 m, 1 horizontaler Querbalken zur Verst\u00e4rkung des First mit einer L\u00e4nge von 3,25 m,<br \/>\n21 m Leinenseil zur Stabilisierung der Mastverbindungen, 14 Heringe + 2 Ersatz, S\u00e4cke f\u00fcr Plane und Heringe<\/p>\n<p>Lieferzeit maximal 4-6 Wochen nach Zahlungseingang.<\/p>\n<p><b>Ein Normannenzelt aus Leinen.<br \/>\nDie innere Konstruktion basiert auf zwei Masten und einer Querstange am First die die beiden Masten stabil zusammenh\u00e4lt. Alle drei Stangen sind zweigeteilt um sie besser transportieren zu k\u00f6nnen. Die zweigeteilten Masten und die Querstange, werden mit Holzstiften verbunden und mit einem Leinenseil zur Stabilisierung umwickelt. Die gleiche Technik verwenden wir seit Jahren bei unserem Sonnensegel.<br \/>\nDie Stangen sind mit Bienewachs gewachst.<br \/>\nDer Breite des Zeltes am Boden misst ungef\u00e4hr 3 Meter, die L\u00e4nge 6 Meter. St\u00e4hlerne Heringe (Vierkantmaterial 35 cm lang) sind <\/b><strong>dabei und damit h\u00e4lt das Zelt ganz ohne auch nur ein Spannseil. Die Plane wird mit den Heringen an mit Leder verst\u00e4rkten Laschen \u00fcber die Mastenkonstruktion gespannt, was den Aufbau auch sehr einfach macht der mit etwas \u00dcbung trotz der Gr\u00f6\u00dfe auch allein zu bewerkstelligen ist. Die impr\u00e4gnierte Baumwolle wiegt 300 Gramm pro Quadratmeter, Leinen 550 Gramm pro Quadratmeter. Das Material Baumwolle ist nat\u00fcrlich f\u00fcr unsere Region und das Hochmittelalter nicht authentisch. Aber dieses Zelt ist eben deutlich preiswerter als ein Pendant aus Leinen.<\/strong><\/p>\n<p>Die Ritter erfanden das Camping.<br \/>\nBei Reisen mit wenig Gefolge zog man f\u00fcr gew\u00f6hnlich von Burg zu Burg oder von Stadt zu Stadt.<br \/>\nGr\u00f6\u00dfere Gefolge hatten da aber oft gar keinen Platz und so wurden Zeltlager erstellt.<br \/>\nAuch f\u00fcr Belagerungen wurden als erstes Zeltst\u00e4dte als Heerlager aufgebaut. Sp\u00e4ter im Mittelalter wurden auch Trutzburgen gebaut, aber selbst bis die standen musste auch erst in Zelten campiert werden.<br \/>\nIn jedem Fall verbrachten Adelige viel Zeit auf Reisen und die M\u00f6bel die sie besa\u00dfen waren leicht zerlegbar und m\u00f6glichst leicht gebaut, da sie auf Reisen f\u00fcr gew\u00f6hnlich komplett mitgenommen wurden.<br \/>\nDiese Feldz\u00fcge nennt man auch Kampagne (aus dem Franz\u00f6sischen) woher tats\u00e4chlich auch das Wort Camping r\u00fchrt.<\/p>\n<p>Mit dem Normannenzelt ist es wie mit allen Dingen mit dem Namenzusatz &#8220;Normannen-&#8221; (wie Schilde und Helme), zwar waren sie typisch f\u00fcr die Normannen setzten sich aber in der ganzen bekannten Welt durch. Letztlich handelt es sich einfach um ein durch ein Mittelteil verl\u00e4ngertes Kegelzelt.<\/p>\n<p>Bilder von den hier angeboteten Normannenzelten findet man in der Parzival-Handschrift und im Rolandlied. Beides Codices die in der Mitte des 13. Jh. entstanden.<br \/>\nOft sind diese Zelte auch bunt bemalt.<\/p>\n<p><span style=\"font-size: 75%;\">Dekorationsartikel geh\u00f6ren nicht zum Lieferumfang<\/span><\/p>\n<p><span style=\"font-size: 75%;\">****Wind- und Schmutzschutz an der Unterkante der Seitenw\u00e4nde des Zeltes angen\u00e4ht. Aus dem Obermaterial gefertigt, also aus impr\u00e4gnierter Baumwolle oder Leinen in der Gewichtung wie im Produkt beschrieben. Sch\u00fctzt die W\u00e4nde vor Schmutz bei aufgeweichten Wiesen und unterdr\u00fcckt Zugluft bei Wind.<\/span><\/p>\n","protected":false},"excerpt":{"rendered":"<p>Ein Normannenzelt aus Baumwolle oder Leinen. Ma\u00dfe am Boden 6 x 3 Meter H\u00f6he 2,35 Meter Impr\u00e4gnierte Baumwolle ca. 300g\/qm oder Impr\u00e4gniertes Leinen ca. 550 g\/qm Optional mit nicht sichtbaren Kunststoffstreifen in den N\u00e4hten zur Verst\u00e4rkung und zur besseren Abdichtung (+ 100 Euro). Paketinhalt: Plane, 2 zweiteilige Masten mit insgesamt 2,35 m, 1 horizontaler Querbalken [&#8230;]\n","protected":false},"featured_media":390,"comment_status":"open","ping_status":"closed","template":"","meta":[],"product_cat":[82],"product_tag":[],"class_list":{"0":"post-551","1":"product","2":"type-product","3":"status-publish","4":"has-post-thumbnail","6":"product_cat-zelte","7":"product_shipping_class-stdversand","8":"tm-has-options","10":"first","11":"instock","12":"taxable","13":"shipping-taxable","14":"purchasable","15":"product-type-simple"},"_links":{"self":[{"href":"https:\/\/staging.mittelalterkraemer.de\/index.php?rest_route=\/wp\/v2\/product\/551","targetHints":{"allow":["GET"]}}],"collection":[{"href":"https:\/\/staging.mittelalterkraemer.de\/index.php?rest_route=\/wp\/v2\/product"}],"about":[{"href":"https:\/\/staging.mittelalterkraemer.de\/index.php?rest_route=\/wp\/v2\/types\/product"}],"replies":[{"embeddable":true,"href":"https:\/\/staging.mittelalterkraemer.de\/index.php?rest_route=%2Fwp%2Fv2%2Fcomments&post=551"}],"wp:featuredmedia":[{"embeddable":true,"href":"https:\/\/staging.mittelalterkraemer.de\/index.php?rest_route=\/wp\/v2\/media\/390"}],"wp:attachment":[{"href":"https:\/\/staging.mittelalterkraemer.de\/index.php?rest_route=%2Fwp%2Fv2%2Fmedia&parent=551"}],"wp:term":[{"taxonomy":"product_cat","embeddable":true,"href":"https:\/\/staging.mittelalterkraemer.de\/index.php?rest_route=%2Fwp%2Fv2%2Fproduct_cat&post=551"},{"taxonomy":"product_tag","embeddable":true,"href":"https:\/\/staging.mittelalterkraemer.de\/index.php?rest_route=%2Fwp%2Fv2%2Fproduct_tag&post=551"}],"curies":[{"name":"wp","href":"https:\/\/api.w.org\/{rel}","templated":true}]}}