{"id":480,"date":"2020-09-25T12:27:29","date_gmt":"2020-09-25T12:27:29","guid":{"rendered":"https:\/\/staging.mittelalterkraemer.de\/?product=spaetmittelalter-pilgerabzeichen-st-jakob"},"modified":"2021-03-05T13:27:04","modified_gmt":"2021-03-05T11:27:04","slug":"spaetmittelalter-pilgerabzeichen-st-jakob","status":"publish","type":"product","link":"https:\/\/staging.mittelalterkraemer.de\/?product=spaetmittelalter-pilgerabzeichen-st-jakob","title":{"rendered":"Sp\u00e4tmittelalter &#8211; Pilgerabzeichen &#8220;St. Jakob&#8221;"},"content":{"rendered":"<p>Ein Pilgerabzeichen aus Zinn.<br \/>\nMa\u00dfe: 3 cm auf 4 cm<\/p>\n<p><b>Hier handelt es sich um die Nachbildung eines Pilgerabzeichen das den Pilgern des Mittelalters verliehen wurde wenn sie in das bis heute neben Rom bekanntesten Pilgerziel pilgerten, Santiago de Compostela in Spanien.<br \/>\nSolche Pilgerabzeichen sind bei katholischen Pilgern noch heute \u00fcblich. Es handelt sich um eine Art Orden als Auszeichnung f\u00fcr das erfolgreiche Erreichen des Pilgerortes.<\/b><\/p>\n<p>St. Jakob war Apostel von Jesus im neuen Testament und soll in Spanien an der Missionierung verzweifelt sein, oder aber er wurde dort nur bestattet nachdem er in Rom enthauptet wurde. Jedenfalls wurde er Nationalheiliger der Spanier und damit auch Patron f\u00fcr jede milit\u00e4rische Aktion Spaniens, wie zum Beispiel die Reconquista (das Zur\u00fccktreiben der Mauren) und die Conquistadores die Amerika &#8220;christianisierten&#8221;.<\/p>\n<p>Vor allem aber ist und bleibt er mit dem ber\u00fchmten Muschelsymbol Schutzheiliger aller Pilger.<\/p>\n<p>Gefunden wurde genau dieses Zinnabzeichen das hier als Vorlage diente in Tolsende, in Holland. \u00c4hnliche fand man in vielen Orten in ganz Europa. Das Material dieses Fundst\u00fcckes datierte von 1450-1500. Andere Fundst\u00fccke wurden auch schon auf 1300 datiert. Man kann aber annehmen dass das Zeichen seit dem 12. Jahrhundert verwendet wurde da St. Jakobs Verbleib ab dem 9. Jh. auf Spanien begrenzt wurde und der Bau der heute zu bewundernden Kathedrale im Jahr 1075 begonnen wurde.<br \/>\nPilgerzeichen an sich sind ab Mitte des 12. Jahrhunderts \u00fcblich.<\/p>\n","protected":false},"excerpt":{"rendered":"<p>Ein Pilgerabzeichen aus Zinn. Ma\u00dfe: 3 cm auf 4 cm Hier handelt es sich um die Nachbildung eines Pilgerabzeichen das den Pilgern des Mittelalters verliehen wurde wenn sie in das bis heute neben Rom bekanntesten Pilgerziel pilgerten, Santiago de Compostela in Spanien. Solche Pilgerabzeichen sind bei katholischen Pilgern noch heute \u00fcblich. Es handelt sich um [&#8230;]\n","protected":false},"featured_media":481,"comment_status":"open","ping_status":"closed","template":"","meta":[],"product_cat":[77,130],"product_tag":[],"class_list":{"0":"post-480","1":"product","2":"type-product","3":"status-publish","4":"has-post-thumbnail","6":"product_cat-accessoires","7":"product_cat-geschmeide-sakramentale","8":"product_shipping_class-stdversand","9":"tm-no-options","11":"first","12":"instock","13":"taxable","14":"shipping-taxable","15":"purchasable","16":"product-type-simple"},"_links":{"self":[{"href":"https:\/\/staging.mittelalterkraemer.de\/index.php?rest_route=\/wp\/v2\/product\/480","targetHints":{"allow":["GET"]}}],"collection":[{"href":"https:\/\/staging.mittelalterkraemer.de\/index.php?rest_route=\/wp\/v2\/product"}],"about":[{"href":"https:\/\/staging.mittelalterkraemer.de\/index.php?rest_route=\/wp\/v2\/types\/product"}],"replies":[{"embeddable":true,"href":"https:\/\/staging.mittelalterkraemer.de\/index.php?rest_route=%2Fwp%2Fv2%2Fcomments&post=480"}],"wp:featuredmedia":[{"embeddable":true,"href":"https:\/\/staging.mittelalterkraemer.de\/index.php?rest_route=\/wp\/v2\/media\/481"}],"wp:attachment":[{"href":"https:\/\/staging.mittelalterkraemer.de\/index.php?rest_route=%2Fwp%2Fv2%2Fmedia&parent=480"}],"wp:term":[{"taxonomy":"product_cat","embeddable":true,"href":"https:\/\/staging.mittelalterkraemer.de\/index.php?rest_route=%2Fwp%2Fv2%2Fproduct_cat&post=480"},{"taxonomy":"product_tag","embeddable":true,"href":"https:\/\/staging.mittelalterkraemer.de\/index.php?rest_route=%2Fwp%2Fv2%2Fproduct_tag&post=480"}],"curies":[{"name":"wp","href":"https:\/\/api.w.org\/{rel}","templated":true}]}}