{"id":434,"date":"2020-09-25T12:27:00","date_gmt":"2020-09-25T12:27:00","guid":{"rendered":"https:\/\/staging.mittelalterkraemer.de\/?product=spaetmittelalter-pilgerabzeichen-st-michael"},"modified":"2021-03-05T13:39:10","modified_gmt":"2021-03-05T11:39:10","slug":"spaetmittelalter-pilgerabzeichen-st-michael","status":"publish","type":"product","link":"https:\/\/staging.mittelalterkraemer.de\/?product=spaetmittelalter-pilgerabzeichen-st-michael","title":{"rendered":"Sp\u00e4tmittelalter &#8211; Pilgerabzeichen &#8220;St. Michael&#8221;"},"content":{"rendered":"<p>Ein Pilgerabzeichen aus Zinn.<br \/>\nMa\u00dfe: 3,7 cm auf 6,4 cm<\/p>\n<p><b>Hier handelt es sich um die Nachbildung eines eines Pilgerabzeichen das den Pilgern des Mittelalters m\u00f6glicherweise verliehen wurde wenn sie nach Mont St. Michel in der Normandie pilgerten. Es weicht jedoch optisch von denen ab die Mont St. Michel eindeutig zuzuordnen sind. Es zeigt den Erzengel Michael.<br \/>\nSolche Pilgerabezeichen sind bei katholischen Pilgern noch heute \u00fcblich. Es handelt sich um eine Art Orden als Auszeichnung f\u00fcr das erfolgreiche Erreichen des Pilgerortes.<\/b><\/p>\n<p>Michael ist Hebr\u00e4isch und bedeutet &#8220;Wer als Gott&#8221;. Die Worte die der Erzengel ausstie\u00df als er den abtr\u00fcnnigen Luzifer attackierte.<br \/>\nDer heilige Michael ist der direkte Empf\u00e4nger der Befehle Gottes, der Besch\u00fctzer der Kirche, der Begleiter der Seelen auf dem Weg zum letzten Gericht, Schutzpatron aller Soldaten und vor allem der Nationalheilige Deutschlands.<\/p>\n<p>Auf dem Abzeichen wird er durch Gottes Hand davon abgehalten dem B\u00f6sen in Form eines Drachen den Todessto\u00df zu geben. Ein Symbol f\u00fcr die Gnade Gottes.<\/p>\n<p>Mit den Pilgerreisen wurde in den Kirchen viel verdient. Der Aufstieg und Fall von Kl\u00f6stern hing oft unmittelbar von der Wichtigkeit als Pilgerort ab. Deswegen wurden oft zweifelhafte Reliquien buchst\u00e4blich in den Himmel gelobt und haarstr\u00e4ubende Heiligengeschichten wahllos erfunden.<\/p>\n<p>Gefunden wurde genau dieses Zinnabzeichen das hier als Vorlage diente in Sluis in den heutigen Niederlanden. Das Material dieser Fundst\u00fccke datierte auf die Zeit von 1350 bis 1400.<\/p>\n<p>&nbsp;<\/p>\n<p><span style=\"font-size: 75%;\">Dekorationsartikel geh\u00f6ren nicht zum Lieferumfang<\/span><\/p>\n","protected":false},"excerpt":{"rendered":"<p>Ein Pilgerabzeichen aus Zinn. Ma\u00dfe: 3,7 cm auf 6,4 cm Hier handelt es sich um die Nachbildung eines eines Pilgerabzeichen das den Pilgern des Mittelalters m\u00f6glicherweise verliehen wurde wenn sie nach Mont St. Michel in der Normandie pilgerten. Es weicht jedoch optisch von denen ab die Mont St. Michel eindeutig zuzuordnen sind. Es zeigt den [&#8230;]\n","protected":false},"featured_media":435,"comment_status":"open","ping_status":"closed","template":"","meta":[],"product_cat":[77,130],"product_tag":[],"class_list":{"0":"post-434","1":"product","2":"type-product","3":"status-publish","4":"has-post-thumbnail","6":"product_cat-accessoires","7":"product_cat-geschmeide-sakramentale","8":"product_shipping_class-stdversand","9":"tm-no-options","11":"first","12":"instock","13":"taxable","14":"shipping-taxable","15":"purchasable","16":"product-type-simple"},"_links":{"self":[{"href":"https:\/\/staging.mittelalterkraemer.de\/index.php?rest_route=\/wp\/v2\/product\/434","targetHints":{"allow":["GET"]}}],"collection":[{"href":"https:\/\/staging.mittelalterkraemer.de\/index.php?rest_route=\/wp\/v2\/product"}],"about":[{"href":"https:\/\/staging.mittelalterkraemer.de\/index.php?rest_route=\/wp\/v2\/types\/product"}],"replies":[{"embeddable":true,"href":"https:\/\/staging.mittelalterkraemer.de\/index.php?rest_route=%2Fwp%2Fv2%2Fcomments&post=434"}],"wp:featuredmedia":[{"embeddable":true,"href":"https:\/\/staging.mittelalterkraemer.de\/index.php?rest_route=\/wp\/v2\/media\/435"}],"wp:attachment":[{"href":"https:\/\/staging.mittelalterkraemer.de\/index.php?rest_route=%2Fwp%2Fv2%2Fmedia&parent=434"}],"wp:term":[{"taxonomy":"product_cat","embeddable":true,"href":"https:\/\/staging.mittelalterkraemer.de\/index.php?rest_route=%2Fwp%2Fv2%2Fproduct_cat&post=434"},{"taxonomy":"product_tag","embeddable":true,"href":"https:\/\/staging.mittelalterkraemer.de\/index.php?rest_route=%2Fwp%2Fv2%2Fproduct_tag&post=434"}],"curies":[{"name":"wp","href":"https:\/\/api.w.org\/{rel}","templated":true}]}}