{"id":377,"date":"2020-09-25T12:26:37","date_gmt":"2020-09-25T12:26:37","guid":{"rendered":"https:\/\/staging.mittelalterkraemer.de\/?product=matratze"},"modified":"2021-03-05T14:35:40","modified_gmt":"2021-03-05T12:35:40","slug":"matratze","status":"publish","type":"product","link":"https:\/\/staging.mittelalterkraemer.de\/?product=matratze","title":{"rendered":"Matratze"},"content":{"rendered":"<p>Matratze aus Leinen<br \/>\nL\u00e4nge: ca. 197 cm<br \/>\nBreite: ca. 85 cm<br \/>\nAlle sichtbaren N\u00e4hte handvern\u00e4ht.<\/p>\n<p><b>Eine einfache, aber stabil gearbeitete Matratze aus Leinen. Zum Verschlie\u00dfen sind zwei kr\u00e4ftige handgeflochtene Schn\u00fcre angen\u00e4ht. Bereit zum Bef\u00fcllen mit zum Beispiel Stroh, direkt vor Ort, im Lager.<\/b><\/p>\n<p>Noch etwas was uns die Kreuzz\u00fcge brachten.<br \/>\nUnd noch etwas was die einfachen Bauern mit ihren Herren gemein hatten.<br \/>\nNat\u00fcrlich unterschied sich die F\u00fcllung einer solchen Matratzen. Unterwegs nahm man was man fand. Bauern verwendeten Pflanzenfasern oder verfilzte Wolle, reichere auch mal Federn.<\/p>\n<p>In Arabien schon lange bekannt, fand sie im 12. Jahrhundert den Weg zu uns. Zu sehen ist sie jedoch auf keinen Abbildungen, denn im Mittelalter war es \u00fcblich ein loses weites Leintuch quer \u00fcber die Matratze zu legen, in das man sich zumeist nackt h\u00fcllte.<br \/>\nMit dem Einzug der Matratze in unsere Kultur begann man auch sich im Schlafzimmer langsam mehr und mehr Luxus zu g\u00f6nnen. Und so &#8220;verschwendeten&#8221; auch arme Menschen wertvolle Wolle um darauf zu schlafen. Betten wurden aufwendig gearbeitet und mit Schnitzereien verziert.<\/p>\n<p>Das Wort &#8220;matraz&#8221; verweist im \u00fcbrigen direkt auf die F\u00fcllung mit Haaren oder eben Wolle. Federbetten nannte man &#8220;plumit&#8221;.<\/p>\n<p><span style=\"font-size: 75%;\">Dekorationsartikel geh\u00f6ren nicht zum Lieferumfang<\/span><\/p>\n<p><span style=\"font-size: 75%;\">**Komplett handvern\u00e4ht bedeutet dass alle N\u00e4hte von Hand vern\u00e4ht werden, inklusive aller sichtbaren und unsichtbaren N\u00e4hte.<\/span><\/p>\n","protected":false},"excerpt":{"rendered":"<p>Matratze aus Leinen L\u00e4nge: ca. 197 cm Breite: ca. 85 cm Alle sichtbaren N\u00e4hte handvern\u00e4ht. Eine einfache, aber stabil gearbeitete Matratze aus Leinen. Zum Verschlie\u00dfen sind zwei kr\u00e4ftige handgeflochtene Schn\u00fcre angen\u00e4ht. Bereit zum Bef\u00fcllen mit zum Beispiel Stroh, direkt vor Ort, im Lager. Noch etwas was uns die Kreuzz\u00fcge brachten. Und noch etwas was die [&#8230;]\n","protected":false},"featured_media":378,"comment_status":"open","ping_status":"closed","template":"","meta":[],"product_cat":[144,81],"product_tag":[],"class_list":{"0":"post-377","1":"product","2":"type-product","3":"status-publish","4":"has-post-thumbnail","6":"product_cat-alltagsgegenstaende","7":"product_cat-lagerausstattung","8":"product_shipping_class-stdversand","9":"tm-has-options","11":"first","12":"instock","13":"taxable","14":"shipping-taxable","15":"purchasable","16":"product-type-simple"},"_links":{"self":[{"href":"https:\/\/staging.mittelalterkraemer.de\/index.php?rest_route=\/wp\/v2\/product\/377","targetHints":{"allow":["GET"]}}],"collection":[{"href":"https:\/\/staging.mittelalterkraemer.de\/index.php?rest_route=\/wp\/v2\/product"}],"about":[{"href":"https:\/\/staging.mittelalterkraemer.de\/index.php?rest_route=\/wp\/v2\/types\/product"}],"replies":[{"embeddable":true,"href":"https:\/\/staging.mittelalterkraemer.de\/index.php?rest_route=%2Fwp%2Fv2%2Fcomments&post=377"}],"wp:featuredmedia":[{"embeddable":true,"href":"https:\/\/staging.mittelalterkraemer.de\/index.php?rest_route=\/wp\/v2\/media\/378"}],"wp:attachment":[{"href":"https:\/\/staging.mittelalterkraemer.de\/index.php?rest_route=%2Fwp%2Fv2%2Fmedia&parent=377"}],"wp:term":[{"taxonomy":"product_cat","embeddable":true,"href":"https:\/\/staging.mittelalterkraemer.de\/index.php?rest_route=%2Fwp%2Fv2%2Fproduct_cat&post=377"},{"taxonomy":"product_tag","embeddable":true,"href":"https:\/\/staging.mittelalterkraemer.de\/index.php?rest_route=%2Fwp%2Fv2%2Fproduct_tag&post=377"}],"curies":[{"name":"wp","href":"https:\/\/api.w.org\/{rel}","templated":true}]}}