{"id":331,"date":"2020-09-25T12:25:50","date_gmt":"2020-09-25T10:25:50","guid":{"rendered":"https:\/\/staging.mittelalterkraemer.de\/?product=damenhosen-beinlinge"},"modified":"2021-03-08T18:24:51","modified_gmt":"2021-03-08T16:24:51","slug":"damenhosen-beinlinge","status":"publish","type":"product","link":"https:\/\/staging.mittelalterkraemer.de\/?product=damenhosen-beinlinge","title":{"rendered":"Damenhosen &#8220;Beinlinge&#8221;"},"content":{"rendered":"<p>Wollbeinlinge f\u00fcr Damen.<br \/>\nM zirka f\u00fcr den Wadenumfang von 36 cm und Schuhgr\u00f6\u00dfe 36<br \/>\nL zirka f\u00fcr den Wadenumfang von 38 cm und Schuhgr\u00f6\u00dfe 38<br \/>\nXL zirka f\u00fcr den Wadenumfang von 40 cm und Schuhgr\u00f6\u00dfe 40<br \/>\nAlle drei Gr\u00f6\u00dfen in den Farben Beige, Dunkelgrau, Marineblau und Wei\u00df sofort erh\u00e4ltlich.<br \/>\nAndere <a href=\"https:\/\/staging.mittelalterkraemer.de\/?page_id=8722\"><u>Farben<\/u><\/a> bei einer Lieferzeit von 6 &#8211; 12 Wochen ebenfalls m\u00f6glich.<\/p>\n<p>Ma\u00dfanfertigungen sind f\u00fcr einen Aufpreis von 20% ebenfalls m\u00f6glich.<br \/>\nWaren auf Ma\u00df sind vom Umtausch ausgeschlossen.<br \/>\nEine Tabelle f\u00fcr die erforderlichen Ma\u00dfe wird von uns nach Zahlungseingang versendet.<\/p>\n<p>Alle sichtbaren N\u00e4hte sind handvern\u00e4ht.<\/p>\n<p><b>Beinlinge waren das einzige hochmittelalterliche Beinkleid das es gab.<br \/>\nDie Beinlinge bestehen aus Wollstoff der sowohl w\u00e4rmt als auch k\u00fchlt und sind aufgrund ihrer Variabilit\u00e4t sehr angenehm zu tragen. Wird es einem zu warm, kann man sie sozusagen stufenlos die Richtung Fu\u00df rollen, oder einfach ablegen. Die Damenbeinlinge wurden mit einem zus\u00e4tzlichen B\u00e4ndchen unter den Knieen fixiert und auch bis zu denen heruntergerollt.<br \/>\n<\/b><\/p>\n<p>Die fr\u00fchstens bekannten Beinlinge tr\u00e4gt die Gletschermumie &#8220;\u00d6tzi&#8221;.<br \/>\nDie hier angebotenen v\u00f6llig getrennten Beinpaare die nur mit dem Lederband unter den Knieen befestigt wurden hielten sich genau in der Art bis in Mitte des 15. Jahrhunderts, wie in dem Buch &#8220;Hours of Catherine of Cleeves&#8221; zu sehen.<br \/>\nBeinling ist \u00fcbrigens ein moderne Wortneusch\u00f6pfung die es m\u00f6glich macht die damaligen Hosen (aus einzelnen Beinen) von den heutigen zu differenzieren. Damals hie\u00df dieses Beinkleid einfach nur Hosen.<\/p>\n<p>Beinlinge in Hochmittelalterquellen finden sich in der Maciejowski Bibel zum Beispiel auf Folio 12 verso und Folio 35 verso.<br \/>\nAuf beiden Miniaturen sind komplette Beinlinge von M\u00e4nnern zu sehen, denn Frauen zeigten auf Bildern sehr selten soviel Bein, dass man die Art ihrer Beinlinge genauer beurteilen k\u00f6nnte.<\/p>\n<p><span style=\"font-size: 75%;\">Dekorationsartikel geh\u00f6ren nicht zum Lieferumfang<\/span><\/p>\n<p><span style=\"font-size: 75%;\">*Ma\u00dfgefertigte Produkte werden individuell auf vom Kunden zur Verf\u00fcgung gestellten Ma\u00dfen angefertigt. Die entsprechende Ma\u00dftabelle wird nach Bestellung an die angegebene E-Mail-Adresse versendet. Die Ma\u00dfe m\u00fcssen so genommen werden wie die Kleidung nachher getragen werden soll, also mit entsprechender Unterw\u00e4sche\/-kleidung, falls gew\u00fcnscht. Ma\u00dfgefertigte Waren sind vom Umtausch ausgeschlossen.<\/span><\/p>\n<p><span style=\"font-size: 75%;\">**Komplett handvern\u00e4ht bedeutet dass alle N\u00e4hte von Hand vern\u00e4ht werden, inklusive aller sichtbaren und unsichtbaren N\u00e4hte.<\/span><\/p>\n<p><span style=\"font-size: 75%;\">***Wollstoff aus mindestens 80% Wolle und h\u00f6chstens 20% Polyamid<\/span><\/p>\n","protected":false},"excerpt":{"rendered":"<p>Wollbeinlinge f\u00fcr Damen. M zirka f\u00fcr den Wadenumfang von 36 cm und Schuhgr\u00f6\u00dfe 36 L zirka f\u00fcr den Wadenumfang von 38 cm und Schuhgr\u00f6\u00dfe 38 XL zirka f\u00fcr den Wadenumfang von 40 cm und Schuhgr\u00f6\u00dfe 40 Alle drei Gr\u00f6\u00dfen in den Farben Beige, Dunkelgrau, Marineblau und Wei\u00df sofort erh\u00e4ltlich. Andere Farben bei einer Lieferzeit von [&#8230;]\n","protected":false},"featured_media":332,"comment_status":"open","ping_status":"closed","template":"","meta":[],"product_cat":[89,74],"product_tag":[],"class_list":{"0":"post-331","1":"product","2":"type-product","3":"status-publish","4":"has-post-thumbnail","6":"product_cat-bekleidung","7":"product_cat-kleidung-damen","8":"product_shipping_class-stdversand","9":"tm-has-options","11":"first","12":"instock","13":"taxable","14":"shipping-taxable","15":"purchasable","16":"product-type-variable","17":"has-default-attributes"},"_links":{"self":[{"href":"https:\/\/staging.mittelalterkraemer.de\/index.php?rest_route=\/wp\/v2\/product\/331","targetHints":{"allow":["GET"]}}],"collection":[{"href":"https:\/\/staging.mittelalterkraemer.de\/index.php?rest_route=\/wp\/v2\/product"}],"about":[{"href":"https:\/\/staging.mittelalterkraemer.de\/index.php?rest_route=\/wp\/v2\/types\/product"}],"replies":[{"embeddable":true,"href":"https:\/\/staging.mittelalterkraemer.de\/index.php?rest_route=%2Fwp%2Fv2%2Fcomments&post=331"}],"wp:featuredmedia":[{"embeddable":true,"href":"https:\/\/staging.mittelalterkraemer.de\/index.php?rest_route=\/wp\/v2\/media\/332"}],"wp:attachment":[{"href":"https:\/\/staging.mittelalterkraemer.de\/index.php?rest_route=%2Fwp%2Fv2%2Fmedia&parent=331"}],"wp:term":[{"taxonomy":"product_cat","embeddable":true,"href":"https:\/\/staging.mittelalterkraemer.de\/index.php?rest_route=%2Fwp%2Fv2%2Fproduct_cat&post=331"},{"taxonomy":"product_tag","embeddable":true,"href":"https:\/\/staging.mittelalterkraemer.de\/index.php?rest_route=%2Fwp%2Fv2%2Fproduct_tag&post=331"}],"curies":[{"name":"wp","href":"https:\/\/api.w.org\/{rel}","templated":true}]}}