{"id":319,"date":"2020-09-25T12:25:50","date_gmt":"2020-09-25T12:25:50","guid":{"rendered":"https:\/\/staging.mittelalterkraemer.de\/?product=bundhaube"},"modified":"2021-03-06T13:11:52","modified_gmt":"2021-03-06T11:11:52","slug":"bundhaube","status":"publish","type":"product","link":"https:\/\/staging.mittelalterkraemer.de\/?product=bundhaube","title":{"rendered":"Bundhaube"},"content":{"rendered":"<p>Bundhaube aus Leinen in Wei\u00df und Natur (Bild).<br \/>\nS f\u00fcr 56-57 cm Kopfumfang<br \/>\nM f\u00fcr 58-59 cm Kopfumfang<br \/>\nL f\u00fcr 60-61 cm Kopfumfang<br \/>\nXL f\u00fcr 61-62 cm Kopfumfang<br \/>\nAlle sichtbaren N\u00e4hte handvern\u00e4ht.<\/p>\n<p><b>Die Bundhaube ist mit zwei N\u00e4hten am Kopf recht aufw\u00e4ndig gearbeitet und daher sehr angenehm zu tragen. Sie verdeckt die Ohren und kann unter dem Kinn zusammengebunden werden. Streng genommen sollte man das sogar, da sie nur zugebunden abgebildet zu finden ist. Unter Mittelalterdarsteller ist sie jedoch eigentlich nie geschlossen zu sehen. <\/b><\/p>\n<p>Die Bundhaube oder auch Coife ist unerl\u00e4sslich f\u00fcr die Mittelalterdarstellung. Diese Bundhabe ist hundertfach abgebildet und wurde \u00fcber das ganze Mittelalter hinweg selbst unter allen anderen Arten von H\u00fcten, egal ob Stroh oder Filz, getragen. Ja, selbst unter Helmen. Sie hielt sich sogar bis \u00fcber das Mittelalter hinweg vor allem bei den Landsknechten die sie entsprechend ihrer Tracht auch verzierten und mit Schlitzen versahen. Unsere Babies tragen noch heute Bundhauben.<\/p>\n<p>Eine Kopfbedeckung ist f\u00fcr alle Menschen im Mittelalter unerl\u00e4sslich.<br \/>\nBarh\u00e4uptig umherzulaufen wurde als Affront gewertet (das galt auch gegen\u00fcber Gott, also ist anzunehmen, dass das auch auch beherzigt wurde, wenn man eigentlich alleine war).<br \/>\nDas Abnehmen der Kopfbedeckung vor einem anderen Menschen galt wiederum als Zeichen der Demut und der Ehrerbietung.<\/p>\n<p>Zu guter Letzt war eine Kopfbedeckung ein guter Schutz vor Ungeziefer und vor dem Wetter. Es ist erwiesen, dass der Mensch bei K\u00e4lte am meisten seiner W\u00e4rme \u00fcber den Kopf verliert. Auch bei Hitze ist der Kopf sehr empflindlich. Ein Hitzestich setzen einen noch heute sehr schnell matt.<\/p>\n<p>Es gibt Unmengen von Quellen f\u00fcr diese Bundhauben. Zwei Beispiele findet man im Sachsenspiegel auf den Seiten 33 recto und 35 verso. Dieser Codex ist typisch f\u00fcr den deutschen Raum im Hochmittelalter.<\/p>\n<p><span style=\"font-size: 75%;\">Dekorationsartikel geh\u00f6ren nicht zum Lieferumfang<\/span><\/p>\n<p><span style=\"font-size: 75%;\">*Ma\u00dfgefertigte Produkte werden individuell auf vom Kunden zur Verf\u00fcgung gestellten Ma\u00dfen angefertigt. Die entsprechende Ma\u00dftabelle wird nach Bestellung an die angegebene E-Mail-Adresse versendet. Die Ma\u00dfe m\u00fcssen so genommen werden wie die Kleidung nachher getragen werden soll, also mit entsprechender Unterw\u00e4sche\/-kleidung, falls gew\u00fcnscht. Ma\u00dfgefertigte Waren sind vom Umtausch ausgeschlossen.<\/span><\/p>\n<p><span style=\"font-size: 75%;\">**Komplett handvern\u00e4ht bedeutet dass alle N\u00e4hte von Hand vern\u00e4ht werden, inklusive aller sichtbaren und unsichtbaren N\u00e4hte.<\/span><\/p>\n","protected":false},"excerpt":{"rendered":"<p>Bundhaube aus Leinen in Wei\u00df und Natur (Bild). S f\u00fcr 56-57 cm Kopfumfang M f\u00fcr 58-59 cm Kopfumfang L f\u00fcr 60-61 cm Kopfumfang XL f\u00fcr 61-62 cm Kopfumfang Alle sichtbaren N\u00e4hte handvern\u00e4ht. Die Bundhaube ist mit zwei N\u00e4hten am Kopf recht aufw\u00e4ndig gearbeitet und daher sehr angenehm zu tragen. Sie verdeckt die Ohren und kann [&#8230;]\n","protected":false},"featured_media":320,"comment_status":"open","ping_status":"closed","template":"","meta":[],"product_cat":[75,95],"product_tag":[],"class_list":{"0":"post-319","1":"product","2":"type-product","3":"status-publish","4":"has-post-thumbnail","6":"product_cat-kleidung-herren","7":"product_cat-kopfbedeckungen-kleidung-herren","8":"product_shipping_class-stdversand","9":"tm-has-options","11":"first","12":"instock","13":"taxable","14":"shipping-taxable","15":"purchasable","16":"product-type-variable","17":"has-default-attributes"},"_links":{"self":[{"href":"https:\/\/staging.mittelalterkraemer.de\/index.php?rest_route=\/wp\/v2\/product\/319","targetHints":{"allow":["GET"]}}],"collection":[{"href":"https:\/\/staging.mittelalterkraemer.de\/index.php?rest_route=\/wp\/v2\/product"}],"about":[{"href":"https:\/\/staging.mittelalterkraemer.de\/index.php?rest_route=\/wp\/v2\/types\/product"}],"replies":[{"embeddable":true,"href":"https:\/\/staging.mittelalterkraemer.de\/index.php?rest_route=%2Fwp%2Fv2%2Fcomments&post=319"}],"wp:featuredmedia":[{"embeddable":true,"href":"https:\/\/staging.mittelalterkraemer.de\/index.php?rest_route=\/wp\/v2\/media\/320"}],"wp:attachment":[{"href":"https:\/\/staging.mittelalterkraemer.de\/index.php?rest_route=%2Fwp%2Fv2%2Fmedia&parent=319"}],"wp:term":[{"taxonomy":"product_cat","embeddable":true,"href":"https:\/\/staging.mittelalterkraemer.de\/index.php?rest_route=%2Fwp%2Fv2%2Fproduct_cat&post=319"},{"taxonomy":"product_tag","embeddable":true,"href":"https:\/\/staging.mittelalterkraemer.de\/index.php?rest_route=%2Fwp%2Fv2%2Fproduct_tag&post=319"}],"curies":[{"name":"wp","href":"https:\/\/api.w.org\/{rel}","templated":true}]}}