{"id":303,"date":"2020-09-25T12:25:50","date_gmt":"2020-09-25T12:25:50","guid":{"rendered":"https:\/\/staging.mittelalterkraemer.de\/?product=hochmittelalter-lange-bruche"},"modified":"2021-03-06T13:22:02","modified_gmt":"2021-03-06T11:22:02","slug":"hochmittelalter-lange-bruche","status":"publish","type":"product","link":"https:\/\/staging.mittelalterkraemer.de\/?product=hochmittelalter-lange-bruche","title":{"rendered":"Hochmittelalter &#8211; Lange Bruche"},"content":{"rendered":"<p>Eine Bruche aus Leinen in den Farben Wei\u00df (Foto) und Natur.<br \/>\nGr\u00f6\u00dfe M: H\u00fcftumfang von ca. 110 cm. Oberschenkelumfang von bis zu 56 cm.<br \/>\nGr\u00f6\u00dfe L: H\u00fcftumfang von ca. 126 cm. Oberschenkelumfang von bis zu 70 cm.<br \/>\nGr\u00f6\u00dfe XL: H\u00fcftumfang von ca. 140 cm. Oberschenkelumfang von bis zu 70 cm.<br \/>\nAlle sichtbaren N\u00e4hte sind handvern\u00e4ht.<\/p>\n<p>Ma\u00dfanfertigungen sind f\u00fcr einen Aufpreis von 20% ebenfalls m\u00f6glich.<br \/>\nWaren auf Ma\u00df sind vom Umtausch ausgeschlossen.<br \/>\nEine Tabelle f\u00fcr die erforderlichen Ma\u00dfe wird von uns nach Zahlungseingang versendet.<\/p>\n<p><b>Eine leinene Bruche, oder auch Brouche, mit gerade geschnittenen Beinen die bis zur H\u00e4lfte der Unterschenkel reichen. Sie hat oben einen Bund der mit einer mittelalterlich geflochtenen Schnur zugezogen werden kann (Mitgeliefert).<br \/>\nAm unteren Ende der Beine selbst ist auch eine Schnur mit deren Hilfe die Bruche wie auf dem Foto knapp unter den Knien zugeschn\u00fcrt werden kann. Oder man bindet sie, wie in der Maciejowski-Bibel auf Folio 18 recto gut zu sehen, hoch zum Bund. Dann reichen die Beine noch bis zur H\u00e4lfte der Oberschenkel.<br \/>\n<u>Beinlinge<\/u> werden mit <u>Nestelb\u00e4ndern<\/u> an verst\u00e4rkten L\u00f6chern wie man sie auf dem Bild sieht (muss bei den angebotenen Bruchen selbst an der gew\u00fcnschten Stelle gemacht werden) angebracht oder an extra daf\u00fcr vorgesehenen <u>Beinlingg\u00fcrteln<\/u> getragen. <\/b><\/p>\n<p>Die Bruche als Unterhose des Mannes war das einzige Kleidungsst\u00fcck des Mittelalters das regelm\u00e4\u00dfig gewaschen wurde. Es gab kein weibliches Gegenst\u00fcck.<br \/>\nDie L\u00e4nge war f\u00fcr das Hochmittelalter typisch und ihr Zweck war wie der des Hemds die Wolle der \u00dcbergew\u00e4nder vom K\u00f6rper zu trennen. Eben um das Kratzen der Wolle und deren Verschmutzung von innen heraus durch Schwei\u00df und anderes zu verhindern.<br \/>\nDie Bruche als Kleidungsst\u00fcck hatten alle M\u00e4nner des Mittelalters gemeinsam. Egal was sie sonst trugen.<\/p>\n<p>Es gibt vergleichsweise viele Bilder von Bruchen, obwohl es ja nur die Unterhose ist. In der Maciejowski-Bibel allein gibt es gut zehn Abbildungen. Genau diese hier findet ihr zum Beispiel auf der oben genannten Folio 18 recto. Im Sachsenspiegel, der Referenz f\u00fcr unseren Raum im Hochmittelalter, sind auf den Folios 25 und 33 jeweils recto Bruchen zu sehen.<\/p>\n<p><span style=\"font-size: 75%;\">Dekorationsartikel geh\u00f6ren nicht zum Lieferumfang<\/span><\/p>\n<p><span style=\"font-size: 75%;\">*Ma\u00dfgefertigte Produkte werden individuell auf vom Kunden zur Verf\u00fcgung gestellten Ma\u00dfen angefertigt. Die entsprechende Ma\u00dftabelle wird nach Bestellung an die angegebene E-Mail-Adresse versendet. Die Ma\u00dfe m\u00fcssen so genommen werden wie die Kleidung nachher getragen werden soll, also mit entsprechender Unterw\u00e4sche\/-kleidung, falls gew\u00fcnscht. Ma\u00dfgefertigte Waren sind vom Umtausch ausgeschlossen.<\/span><\/p>\n<p><span style=\"font-size: 75%;\">**Komplett handvern\u00e4ht bedeutet dass alle N\u00e4hte von Hand vern\u00e4ht werden, inklusive aller sichtbaren und unsichtbaren N\u00e4hte.<\/span><\/p>\n","protected":false},"excerpt":{"rendered":"<p>Eine Bruche aus Leinen in den Farben Wei\u00df (Foto) und Natur. Gr\u00f6\u00dfe M: H\u00fcftumfang von ca. 110 cm. Oberschenkelumfang von bis zu 56 cm. Gr\u00f6\u00dfe L: H\u00fcftumfang von ca. 126 cm. Oberschenkelumfang von bis zu 70 cm. Gr\u00f6\u00dfe XL: H\u00fcftumfang von ca. 140 cm. Oberschenkelumfang von bis zu 70 cm. Alle sichtbaren N\u00e4hte sind handvern\u00e4ht. [&#8230;]\n","protected":false},"featured_media":304,"comment_status":"open","ping_status":"closed","template":"","meta":[],"product_cat":[75,87],"product_tag":[],"class_list":{"0":"post-303","1":"product","2":"type-product","3":"status-publish","4":"has-post-thumbnail","6":"product_cat-kleidung-herren","7":"product_cat-unterbekleidung","8":"product_shipping_class-stdversand","9":"tm-has-options","11":"first","12":"instock","13":"taxable","14":"shipping-taxable","15":"purchasable","16":"product-type-variable","17":"has-default-attributes"},"_links":{"self":[{"href":"https:\/\/staging.mittelalterkraemer.de\/index.php?rest_route=\/wp\/v2\/product\/303","targetHints":{"allow":["GET"]}}],"collection":[{"href":"https:\/\/staging.mittelalterkraemer.de\/index.php?rest_route=\/wp\/v2\/product"}],"about":[{"href":"https:\/\/staging.mittelalterkraemer.de\/index.php?rest_route=\/wp\/v2\/types\/product"}],"replies":[{"embeddable":true,"href":"https:\/\/staging.mittelalterkraemer.de\/index.php?rest_route=%2Fwp%2Fv2%2Fcomments&post=303"}],"wp:featuredmedia":[{"embeddable":true,"href":"https:\/\/staging.mittelalterkraemer.de\/index.php?rest_route=\/wp\/v2\/media\/304"}],"wp:attachment":[{"href":"https:\/\/staging.mittelalterkraemer.de\/index.php?rest_route=%2Fwp%2Fv2%2Fmedia&parent=303"}],"wp:term":[{"taxonomy":"product_cat","embeddable":true,"href":"https:\/\/staging.mittelalterkraemer.de\/index.php?rest_route=%2Fwp%2Fv2%2Fproduct_cat&post=303"},{"taxonomy":"product_tag","embeddable":true,"href":"https:\/\/staging.mittelalterkraemer.de\/index.php?rest_route=%2Fwp%2Fv2%2Fproduct_tag&post=303"}],"curies":[{"name":"wp","href":"https:\/\/api.w.org\/{rel}","templated":true}]}}