{"id":281,"date":"2020-09-25T12:25:32","date_gmt":"2020-09-25T12:25:32","guid":{"rendered":"https:\/\/staging.mittelalterkraemer.de\/?product=hochmittelalter-pilgerabzeichen-st-eligius"},"modified":"2021-03-06T13:44:54","modified_gmt":"2021-03-06T11:44:54","slug":"hochmittelalter-pilgerabzeichen-st-eligius","status":"publish","type":"product","link":"https:\/\/staging.mittelalterkraemer.de\/?product=hochmittelalter-pilgerabzeichen-st-eligius","title":{"rendered":"Hochmittelalter &#8211; Pilgerabzeichen &#8220;St. Eligius&#8221;"},"content":{"rendered":"<p>Ein Pilgerabzeichen aus Zinn.<br \/>\nMa\u00dfe: 4,2 cm auf 5 cm<\/p>\n<p><b>Hier handelt es sich um die Nachbildung eines Pilgerabzeichen das den Pilgern des Mittelalters verliehen wurde wenn sie zum Dom von Noyon pilgerten.<br \/>\nSolche Pilgerabezeichen sind bei katholischen Pilgern noch heute \u00fcblich. Es handelt sich um eine Art Orden als Auszeichnung f\u00fcr das erfolgreiche Erreichen des Pilgerortes.<\/b><\/p>\n<p>St. Eligius lebte im 7. Jahrhundert und war als Goldschmied wohl so geschickt, dass er in der Gunst des Merowingerk\u00f6nigs Chlothar II. einen enormen Aufstieg an die Seite des K\u00f6nigs selbst schaffte. Er wurde zum Bischof von Tours ernannt und widmete sich der Missionierung Flanderns. Desweiteren befreite er mit seinem Verm\u00f6gen Gefangene und Sklaven.<\/p>\n<p>Der heilige Eligius ist Patron zahlreicher Berufe: der Bauern, Bergleute, Goldschmiede, Graveure, Hufschmiede, Knechte, Kutscher, Kutschenmacher, Lampenmacher, Metallarbeiter, M\u00fcnzmeister, M\u00fcnzsammler, Pferdeh\u00e4ndler, Sattler, Schleifer, Schlosser, Schmiede, Schwertfeger, Tier\u00e4rzte, Uhrmacher, Wagner und Zinngie\u00dfer.<br \/>\nSp\u00e4ter wurde er noch Patron der B\u00fcchsenmacher und der Pferde.<br \/>\nDa er vor allem ein Patron f\u00fcr die einfacheren Leute war, d\u00fcrfte er bei der breiten Masse sehr beliebt und seine Verehrung sehr weit verbreitet gewesen sein.<\/p>\n<p>Gefunden wurde genau dieses Zinnabzeichen das hier als Vorlage diente in Ieper, Dordrecht und London. Das Material dieser Fundst\u00fccke datierte von 1200 bis 1300.<\/p>\n<p>Es gab \u00fcbrigens noch eine zweite Reliquie des heiligen Sank Eligius die heute in der Pfarrkirche von Altholderberg liegt. Die entstand aber wohl erst im 18. Jh.. F\u00fcr Tipps \u00fcber den vorherigen Verbleib der Reliquie sind wir sehr dankbar.<\/p>\n<p><span style=\"font-size: 75%;\">Dekorationsartikel geh\u00f6ren nicht zum Lieferumfang<\/span><\/p>\n","protected":false},"excerpt":{"rendered":"<p>Ein Pilgerabzeichen aus Zinn. Ma\u00dfe: 4,2 cm auf 5 cm Hier handelt es sich um die Nachbildung eines Pilgerabzeichen das den Pilgern des Mittelalters verliehen wurde wenn sie zum Dom von Noyon pilgerten. Solche Pilgerabezeichen sind bei katholischen Pilgern noch heute \u00fcblich. Es handelt sich um eine Art Orden als Auszeichnung f\u00fcr das erfolgreiche Erreichen [&#8230;]\n","protected":false},"featured_media":282,"comment_status":"open","ping_status":"closed","template":"","meta":[],"product_cat":[77,130],"product_tag":[],"class_list":{"0":"post-281","1":"product","2":"type-product","3":"status-publish","4":"has-post-thumbnail","6":"product_cat-accessoires","7":"product_cat-geschmeide-sakramentale","8":"product_shipping_class-stdversand","9":"tm-no-options","11":"first","12":"instock","13":"taxable","14":"shipping-taxable","15":"purchasable","16":"product-type-simple"},"_links":{"self":[{"href":"https:\/\/staging.mittelalterkraemer.de\/index.php?rest_route=\/wp\/v2\/product\/281","targetHints":{"allow":["GET"]}}],"collection":[{"href":"https:\/\/staging.mittelalterkraemer.de\/index.php?rest_route=\/wp\/v2\/product"}],"about":[{"href":"https:\/\/staging.mittelalterkraemer.de\/index.php?rest_route=\/wp\/v2\/types\/product"}],"replies":[{"embeddable":true,"href":"https:\/\/staging.mittelalterkraemer.de\/index.php?rest_route=%2Fwp%2Fv2%2Fcomments&post=281"}],"wp:featuredmedia":[{"embeddable":true,"href":"https:\/\/staging.mittelalterkraemer.de\/index.php?rest_route=\/wp\/v2\/media\/282"}],"wp:attachment":[{"href":"https:\/\/staging.mittelalterkraemer.de\/index.php?rest_route=%2Fwp%2Fv2%2Fmedia&parent=281"}],"wp:term":[{"taxonomy":"product_cat","embeddable":true,"href":"https:\/\/staging.mittelalterkraemer.de\/index.php?rest_route=%2Fwp%2Fv2%2Fproduct_cat&post=281"},{"taxonomy":"product_tag","embeddable":true,"href":"https:\/\/staging.mittelalterkraemer.de\/index.php?rest_route=%2Fwp%2Fv2%2Fproduct_tag&post=281"}],"curies":[{"name":"wp","href":"https:\/\/api.w.org\/{rel}","templated":true}]}}