{"id":268,"date":"2020-09-25T12:25:32","date_gmt":"2020-09-25T12:25:32","guid":{"rendered":"https:\/\/staging.mittelalterkraemer.de\/?product=stoffpanzer-einfache-ausfuehrung"},"modified":"2021-03-06T13:47:03","modified_gmt":"2021-03-06T11:47:03","slug":"stoffpanzer-einfache-ausfuehrung","status":"publish","type":"product","link":"https:\/\/staging.mittelalterkraemer.de\/?product=stoffpanzer-einfache-ausfuehrung","title":{"rendered":"Stoffpanzer (Einfache Ausf\u00fchrung)"},"content":{"rendered":"<p>Ein einfacher kosteng\u00fcnstiger Stoffpanzer aus Baumwolle mit \u00d6ffnung in der Front.<br \/>\nWir haben naturfarbene (Bild) Exemplare in den Gr\u00f6\u00dfen M, L und XL auf Lager<\/p>\n<p>M = 85 &#8211; 95 cm um die H\u00fcfte, Brust 95 &#8211; 115 cm<br \/>\nL = 95 &#8211; 110 cm um die H\u00fcfte, Brust 105 &#8211; 120 cm<br \/>\nXL = 110 &#8211; 130 cm cm um die H\u00fcfte, Brust 110 &#8211; 135 cm<\/p>\n<p><b><br \/>\nDer historische Anspruch ist hier nicht Grund daf\u00fcr dass wir den<br \/>\nStandardgambeson in unser Programm aufgenommen haben.<br \/>\nUns ging es darum eine g\u00fcnstige Alternative zu den anderen hochwertigeren<br \/>\nStoffpanzern die wir anbieten zu bieten, so dass Schauk\u00e4mpfer nicht ihre sch\u00f6nen<br \/>\nLeinengambesons zum \u00dcben aufreiben m\u00fcssen. Wichtig war uns nur maximaler Schutz<br \/>\nund das ganze m\u00f6glichst Preiswert.<\/b><\/p>\n<p>Wie gesagt, dieser Stoffpanzer ist auf mehreren Lagen Stoff die parallel gesteppt wurden gefertigt (sollte dann strenggenommen auch Aketon und nicht Gambeson hei\u00dfen) und daher dicker<br \/>\nals viele andere erh\u00e4ltliche.<br \/>\nDie dazwischen eingeschlossene Luft sorgt f\u00fcr ausreichend Polsterung bei jedem<br \/>\nWaffengang. Der hohe Kragen f\u00fcr zus\u00e4tzliche Sicherheit.<\/p>\n<p>Ein Stoffpanzer bzw. in unserem Sprachraum eher \u00fcblich &#8220;Sarrock&#8221; und ist die g\u00e4ngigste Art eines Kriegers sich zu<br \/>\nsch\u00fctzen.<br \/>\nDieses Exemplar w\u00fcrde wenn man so will ins sp\u00e4te 14. Jahrhundert bzw. 15<br \/>\nJahrhundert passen.<br \/>\nZu erkennen an der kaum \u00fcber die das Ges\u00e4\u00df reichende Ausf\u00fchrung und der \u00d6ffnung<br \/>\nvorne. (Zu dieser Zeit aufkommende Brustpanzer machten es sinnlos zu Gunsten von<br \/>\nmaximalen Schutz auf \u00d6ffnungen speziell auf der Brust zu verzichten.) Au\u00dferdem<br \/>\nist er aus Baumwolle gefertigt die es damals zwar gab aber noch unerschwinglich<br \/>\nwar im Vergleich zu Leinen.<\/p>\n<p>Kettenhemden waren im Hochmittelalter noch selten und selbst als Tr\u00e4ger eines<br \/>\nKettenhemdes Bedarf es eines Stoffpanzers, der vor den viel schlimmeren Br\u00fcchen<br \/>\nund Platzwunden sch\u00fctzt. Schnitte, vor denen ein Kettenhemd sch\u00fctzte waren<br \/>\nvergleichsweise harmlose Verletzungen, weil sie gut wieder verheilten.<\/p>\n<p><a href=\"https:\/\/staging.mittelalterkraemer.de\/?product=polsterhandschuhe\"><u>Gepolsterte Handschuhe<\/u><\/a> und einen entsprechenden <a href=\"https:\/\/staging.mittelalterkraemer.de\/?product=polsterhaube-mit-kragen\"><u>Polsterhut mit Kragen <\/u><\/a>oder eine <a href=\"https:\/\/staging.mittelalterkraemer.de\/?product=polsterhaube\"><u>Haube<\/u><\/a> die diesen Stoffpanzer vervollst\u00e4ndigen findet ihr auch hier im Shop.<\/p>\n<p><span style=\"font-size: 75%;\">Dekorationsartikel geh\u00f6ren nicht zum Lieferumfang<\/span><\/p>\n<p><span style=\"font-size: 75%;\">*Ma\u00dfgefertigte Produkte werden individuell auf vom Kunden zur Verf\u00fcgung gestellten Ma\u00dfen angefertigt. Die entsprechende Ma\u00dftabelle wird nach Bestellung an die angegebene E-Mail-Adresse versendet. Die Ma\u00dfe m\u00fcssen so genommen werden wie die Kleidung nachher getragen werden soll, also mit entsprechender Unterw\u00e4sche\/-kleidung, falls gew\u00fcnscht. Ma\u00dfgefertigte Waren sind vom Umtausch ausgeschlossen.<\/span><\/p>\n","protected":false},"excerpt":{"rendered":"<p>Ein einfacher kosteng\u00fcnstiger Stoffpanzer aus Baumwolle mit \u00d6ffnung in der Front. Wir haben naturfarbene (Bild) Exemplare in den Gr\u00f6\u00dfen M, L und XL auf Lager M = 85 &#8211; 95 cm um die H\u00fcfte, Brust 95 &#8211; 115 cm L = 95 &#8211; 110 cm um die H\u00fcfte, Brust 105 &#8211; 120 cm XL = [&#8230;]\n","protected":false},"featured_media":269,"comment_status":"open","ping_status":"closed","template":"","meta":[],"product_cat":[76,97],"product_tag":[],"class_list":{"0":"post-268","1":"product","2":"type-product","3":"status-publish","4":"has-post-thumbnail","6":"product_cat-ruestzeug-trainingszubehoer-schilde","7":"product_cat-stoffpanzerung-gambeson-ruestzeug","8":"product_shipping_class-stdversand","9":"tm-has-options","11":"first","12":"instock","13":"taxable","14":"shipping-taxable","15":"purchasable","16":"product-type-variable","17":"has-default-attributes"},"_links":{"self":[{"href":"https:\/\/staging.mittelalterkraemer.de\/index.php?rest_route=\/wp\/v2\/product\/268","targetHints":{"allow":["GET"]}}],"collection":[{"href":"https:\/\/staging.mittelalterkraemer.de\/index.php?rest_route=\/wp\/v2\/product"}],"about":[{"href":"https:\/\/staging.mittelalterkraemer.de\/index.php?rest_route=\/wp\/v2\/types\/product"}],"replies":[{"embeddable":true,"href":"https:\/\/staging.mittelalterkraemer.de\/index.php?rest_route=%2Fwp%2Fv2%2Fcomments&post=268"}],"wp:featuredmedia":[{"embeddable":true,"href":"https:\/\/staging.mittelalterkraemer.de\/index.php?rest_route=\/wp\/v2\/media\/269"}],"wp:attachment":[{"href":"https:\/\/staging.mittelalterkraemer.de\/index.php?rest_route=%2Fwp%2Fv2%2Fmedia&parent=268"}],"wp:term":[{"taxonomy":"product_cat","embeddable":true,"href":"https:\/\/staging.mittelalterkraemer.de\/index.php?rest_route=%2Fwp%2Fv2%2Fproduct_cat&post=268"},{"taxonomy":"product_tag","embeddable":true,"href":"https:\/\/staging.mittelalterkraemer.de\/index.php?rest_route=%2Fwp%2Fv2%2Fproduct_tag&post=268"}],"curies":[{"name":"wp","href":"https:\/\/api.w.org\/{rel}","templated":true}]}}