{"id":262,"date":"2020-09-25T12:25:32","date_gmt":"2020-09-25T12:25:32","guid":{"rendered":"https:\/\/staging.mittelalterkraemer.de\/?product=polsterhaube"},"modified":"2021-03-08T18:24:52","modified_gmt":"2021-03-08T16:24:52","slug":"polsterhaube","status":"publish","type":"product","link":"https:\/\/staging.mittelalterkraemer.de\/?product=polsterhaube","title":{"rendered":"Polsterhaube"},"content":{"rendered":"<p>Die Haube besteht aus mehreren Lagen Leinen und Vlies und ist vom Schnitt vergleichbar mit einer Bundhaube<br \/>\nM = f\u00fcr 58-59 cm Kopfumfang in Schwarz, Wei\u00df und Natur<br \/>\nL = f\u00fcr 60-61 cm Kopfumfang in Schwarz, Wei\u00df und Natur<br \/>\nXL = f\u00fcr 62-64 cm Kopfumfang in Schwarz, Wei\u00df und Natur<\/p>\n<p>Andere <a href=\"https:\/\/staging.mittelalterkraemer.de\/?page_id=8707\"><u>Farben<\/u><\/a> bei einer Lieferzeit von 6 &#8211; 12 Wochen ebenfalls m\u00f6glich.<\/p>\n<p>Wir bieten auch Ma\u00dfanfertigungen f\u00fcr einen Aufpreis von 20% an.<br \/>\nWaren auf Ma\u00df sind vom Umtausch ausgeschlossen.<br \/>\nEine Tabelle f\u00fcr die erforderlichen Ma\u00dfe wird von uns nach Zahlungseingang versendet.<\/p>\n<p><b>Dieses Haube ist mit mehreren Lagen Leinenstoff und mit Vlies gepolstert und durch die Formen der Steppung angenehm zu tragen, obwohl eher unbeweglich. Dieser Stoffpanzer ist dicker als viele andere erh\u00e4ltliche (3 Lagen Vlies am Kopf). Die \u00e4u\u00dfere Leinenschicht ist mit einer unsichtbaren Baumwollschicht verst\u00e4rkt.Die erste Priorit\u00e4t einer solchen Haube sollte auf dem Schutz liegen, und das tut sie in diesem Fall.<br \/>\n<\/b><\/p>\n<p>Polsterhauben geh\u00f6rten zur Ausstattung jedes K\u00e4mpfers<br \/>\nNur die \u00c4rmsten trugen allein diese Haube zum Schutz, aber jeder der sich einen Helm leisten konnte, brauchte ebenfalls eine solche Haube. Als Polsterung vor Ersch\u00fctterungen und nat\u00fcrlich um vor dem kantigen Helm selbst zu sch\u00fctzen. So scheuert man sich nicht wund und der Helm sitzt<\/p>\n<p>Diese Hauben hielten sich \u00fcber das ganze Mittelalter in der Art.<\/p>\n<p><span style=\"font-size: 75%;\">Dekorationsartikel geh\u00f6ren nicht zum Lieferumfang<\/span><\/p>\n<p><span style=\"font-size: 75%;\">*Ma\u00dfgefertigte Produkte werden individuell auf vom Kunden zur Verf\u00fcgung gestellten Ma\u00dfen angefertigt. Die entsprechende Ma\u00dftabelle wird nach Bestellung an die angegebene E-Mail-Adresse versendet. Die Ma\u00dfe m\u00fcssen so genommen werden wie die Kleidung nachher getragen werden soll, also mit entsprechender Unterw\u00e4sche\/-kleidung, falls gew\u00fcnscht. Ma\u00dfgefertigte Waren sind vom Umtausch ausgeschlossen.<\/span><\/p>\n<p><span style=\"font-size: 75%;\">**Komplett handvern\u00e4ht bedeutet dass alle N\u00e4hte von Hand vern\u00e4ht werden, inklusive aller sichtbaren und unsichtbaren N\u00e4hte.<\/span><\/p>\n","protected":false},"excerpt":{"rendered":"<p>Die Haube besteht aus mehreren Lagen Leinen und Vlies und ist vom Schnitt vergleichbar mit einer Bundhaube M = f\u00fcr 58-59 cm Kopfumfang in Schwarz, Wei\u00df und Natur L = f\u00fcr 60-61 cm Kopfumfang in Schwarz, Wei\u00df und Natur XL = f\u00fcr 62-64 cm Kopfumfang in Schwarz, Wei\u00df und Natur Andere Farben bei einer Lieferzeit [&#8230;]\n","protected":false},"featured_media":263,"comment_status":"open","ping_status":"closed","template":"","meta":[],"product_cat":[76,97],"product_tag":[],"class_list":{"0":"post-262","1":"product","2":"type-product","3":"status-publish","4":"has-post-thumbnail","6":"product_cat-ruestzeug-trainingszubehoer-schilde","7":"product_cat-stoffpanzerung-gambeson-ruestzeug","8":"product_shipping_class-stdversand","9":"tm-has-options","11":"first","12":"instock","13":"taxable","14":"shipping-taxable","15":"purchasable","16":"product-type-variable","17":"has-default-attributes"},"_links":{"self":[{"href":"https:\/\/staging.mittelalterkraemer.de\/index.php?rest_route=\/wp\/v2\/product\/262","targetHints":{"allow":["GET"]}}],"collection":[{"href":"https:\/\/staging.mittelalterkraemer.de\/index.php?rest_route=\/wp\/v2\/product"}],"about":[{"href":"https:\/\/staging.mittelalterkraemer.de\/index.php?rest_route=\/wp\/v2\/types\/product"}],"replies":[{"embeddable":true,"href":"https:\/\/staging.mittelalterkraemer.de\/index.php?rest_route=%2Fwp%2Fv2%2Fcomments&post=262"}],"wp:featuredmedia":[{"embeddable":true,"href":"https:\/\/staging.mittelalterkraemer.de\/index.php?rest_route=\/wp\/v2\/media\/263"}],"wp:attachment":[{"href":"https:\/\/staging.mittelalterkraemer.de\/index.php?rest_route=%2Fwp%2Fv2%2Fmedia&parent=262"}],"wp:term":[{"taxonomy":"product_cat","embeddable":true,"href":"https:\/\/staging.mittelalterkraemer.de\/index.php?rest_route=%2Fwp%2Fv2%2Fproduct_cat&post=262"},{"taxonomy":"product_tag","embeddable":true,"href":"https:\/\/staging.mittelalterkraemer.de\/index.php?rest_route=%2Fwp%2Fv2%2Fproduct_tag&post=262"}],"curies":[{"name":"wp","href":"https:\/\/api.w.org\/{rel}","templated":true}]}}