{"id":8703,"date":"2021-01-22T14:15:32","date_gmt":"2021-01-22T12:15:32","guid":{"rendered":"https:\/\/staging.mittelalterkraemer.de\/?page_id=8703"},"modified":"2021-01-29T13:00:26","modified_gmt":"2021-01-29T11:00:26","slug":"materialinformationen-und-pflegeanleitungen","status":"publish","type":"page","link":"https:\/\/staging.mittelalterkraemer.de\/?page_id=8703","title":{"rendered":"Materialinformationen und Pflegeanleitungen"},"content":{"rendered":"\n<h1 class=\"wp-block-heading\">Leinenstoff&nbsp;<strong><em><a href=\"https:\/\/staging.mittelalterkraemer.de\/?page_id=8707\" data-type=\"page\" data-id=\"8707\" target=\"_blank\" rel=\"noreferrer noopener\"><span style=\"color:#29423e\" class=\"has-inline-color\">Farbtabelle<\/span><\/a><\/em><\/strong><\/h1>\n\n\n\n<p>Die Leinenfaser ist glatt und das Gewebe schlie\u00dft wenig Luft ein, so ist Leinen flusenfrei und wenig anf\u00e4llig gegen Schmutz und Bakterien, die Faser ist von Natur bakteriozid, fast antistatisch und schmutzabweisend.<br>Leinen nimmt bis zu 35% Luftfeuchtigkeit auf und tauscht diese Feuchtigkeit auch schnell mit der Umgebungsluft aus, wirkt somit k\u00fchlend, ist trocken dennoch w\u00e4rmend. Wasser wiederum zieht nicht so schnell in den Stoff ein, sondern bleibt auf dem Stoff, das wiederum ist auch Ursache der antistatischen (und damit schmutzabweisenden) Eigenschaft. Die Leinenfaser ist extrem rei\u00dffest und unelastisch (knittert daher gern), wird dadurch aber extrem strapazierf\u00e4hig und langlebig. Leinen muss nicht nachgest\u00e4rkt werden. Es hat nat\u00fcrlichen Glanz und St\u00e4rke.<br>Das F\u00e4rben von Leinen ist im Garn oder am Gewebe m\u00f6glich. Allerdings kann nur mit der Naturfarbe Indigo einigerma\u00dfen echt gef\u00e4rbt werden. Dies liegt an der Eigenschaft von Leinen als Zellulosefaser, die beim F\u00e4rben keine chemische Verbindung eingeht. F\u00e4rben ist neben K\u00fcpenfarbstoffen mit der Klasse der substantiven Farbstoffe m\u00f6glich, wobei das Farbstoffmolek\u00fcl gefangen und in das polymere Zellulosemolek\u00fcl integriert wird.Allerdings ist Leinen anf\u00e4llig gegen Reibung. Beim Waschen sollte daher der Schongang eingesetzt werden, bei Handw\u00e4sche sollte man den Stoff nur stauchen nicht reiben.Leinen ist gegen Waschlaugen, Waschmittel, Kochw\u00e4sche, chemische Reinigung und hohe Temperaturen beim B\u00fcgeln unempfindlich. Beim B\u00fcgeln sollte die W\u00e4sche noch leicht feucht sein. W\u00e4schetrockner sind ungeeignet.<br>Ebenso sollte chemisches Bleichen vermieden werden. Vollbleiche kann zu Gewichtsverlust der Faser f\u00fchren.<\/p>\n\n\n\n<h1 class=\"wp-block-heading\">Wollstoff&nbsp;<a href=\"https:\/\/staging.mittelalterkraemer.de\/?page_id=8722\" data-type=\"page\" data-id=\"8722\" target=\"_blank\" rel=\"noreferrer noopener\"><em><span style=\"color:#29423e\" class=\"has-inline-color\">Farbtabelle<\/span><\/em><\/a><\/h1>\n\n\n\n<p>Die Wolle hat eine so genannte nat\u00fcrliche Thermoregulations-Eigenschaft. Wolle kann im Faserinneren Wasserdampf aufnehmen, die Oberfl\u00e4che st\u00f6\u00dft Wasser jedoch ab. Die Wasseraufnahme kann bis zu 33 % des Trockengewichts der Wolle betragen, ohne dass sie sich feucht anf\u00fchlt. Au\u00dferdem leitet sie die Feuchtigkeit wesentlich schneller ab als beispielsweise die viel verwendete Baumwolle. Da Wollwaren (bezogen auf ihr Gesamtvolumen) aus bis zu 85 % Luft bestehen, sind sie gute W\u00e4rmeisolatoren: K\u00f6rperw\u00e4rme entweicht nur wenig.<br>Umgangssprachlich hei\u00dft es deshalb, dass Wolle gut \u201ew\u00e4rmt\u201c, obwohl Wolle selbst eigentlich nur die W\u00e4rmestrahlung des K\u00f6rpers reflektiert.<br>Wolle nimmt Schmutz schlecht an, die elastische Faser knittert kaum. Sie ist sehr farbbest\u00e4ndig und schwer entflammbar. Sie brennt nicht, sondern verkohlt nur. Wolle nimmt im Gegensatz zu Kunstfasern wenig Ger\u00fcche (z. B. Schwei\u00df) an, und hat eine nat\u00fcrliche Selbstreinigungsfunktion &#8211; aufgenommener Geruch wird wieder an die Luft abgegeben, die Wolle riecht nach kurzem L\u00fcften wieder neutral und frisch. Sie kann Schwei\u00df chemisch binden und somit lange neutralisieren. Wolle neigt allerdings zum Fusseln, was man jedoch mit speziellen Fusselrasierern wieder beheben kann.Wollstoffe k\u00f6nnen abf\u00e4rben, selbst bei der Handw\u00e4sche mit kaltem Wasser. Das gemeinsame Waschen verschiedener Farbt\u00f6ne sollte vor allem bei den ersten Waschg\u00e4ngen vermieden werden. Bei mehrfarbigen Kleidungen raten wir zur trockenen bzw. chemischen Reinigung.<\/p>\n\n\n\n<p>Die Kombination beider Stoffe als ein Kleidungsst\u00fcck oder zum Beispiel im so genannten Zwiebelschalenprinzip vereint die guten Eigenschaften von Leinen und Wolle und bietet den h\u00f6chsten Tragekomfort und den besten Schutz.<\/p>\n\n\n\n<p>Unser Wollstoff besteht aus 80% Wolle und aus 20% Polyamid. Zum Einen aus Kostengr\u00fcnden und zum Anderen weil die Wolle dann pflegeleichter und haltbarer ist. <\/p>\n\n\n\n<p><strong>Gambesons<\/strong><\/p>\n\n\n\n<p>Wir empfehlen chemische bzw. trockene Reinigung oder die W\u00e4sche in kaltem Wasser und von Hand. Am besten man trocknet die Stoffpanzerung danach an einem sowohl trockenen als auch warmen und gut bel\u00fcfteten Ort. Am aller besten: Drau\u00dfen in der Sonne.<\/p>\n\n\n\n<p>Von der Verwendung von W\u00e4schetrocknern raten wir f\u00fcr alle oben genannten F\u00e4lle dringend ab.<br>Da es sich um reine Naturmaterialien (Schurwolle und Pflanzenfasern) handelt kann es durch Sonneneinstrahlung und\/oder h\u00e4ufiges Waschen zu einer Ver\u00e4nderung der Farbintensit\u00e4t kommen.<br>Aus diesem Grund und um chargenbedingte Abweichungen zu minimieren werden unsere Waren chemisch gef\u00e4rbt.<br>Alle sichtbaren N\u00e4hte werden mit Nadel und Faden von Hand gen\u00e4ht und alle anderen sind ebenfalls Handarbeit, so kann es nat\u00fcrlich zu Unregelm\u00e4\u00dfkeiten im Stichmuster kommen.<br><br>F\u00fcr Sch\u00e4den durch falsche Handhabung \u00fcbernehmen wir keine Haftung.<\/p>\n\n\n\n<p>Die Information basieren auf eigenen Erfahrungen und teilweise auf Texte von wikipedia.org<\/p>\n\n\n\n<h1 class=\"wp-block-heading\">Alle Waren immer nur gut getrocknet einlagern oder verpacken!<br>Auch vom Tragen oder durch die Nutzung werden die Stoffe feucht, was zum Schimmeln f\u00fchren kann, selbst bei trockenem Wetter!<br>F\u00fcr Sch\u00e4den durch mangelhafte Trockung \u00fcbernehmen wir keine Haftung!<\/h1>\n","protected":false},"excerpt":{"rendered":"<p>Leinenstoff&nbsp;Farbtabelle Die Leinenfaser ist glatt und das Gewebe schlie\u00dft wenig Luft ein, so ist Leinen flusenfrei und wenig anf\u00e4llig gegen Schmutz und Bakterien, die Faser ist von Natur bakteriozid, fast antistatisch und schmutzabweisend.Leinen nimmt bis zu 35% Luftfeuchtigkeit auf und tauscht diese Feuchtigkeit auch schnell mit der Umgebungsluft aus, wirkt somit k\u00fchlend, ist trocken dennoch [&#8230;]\n","protected":false},"author":2,"featured_media":0,"parent":0,"menu_order":0,"comment_status":"closed","ping_status":"closed","template":"","meta":{"footnotes":""},"class_list":["post-8703","page","type-page","status-publish","hentry"],"_links":{"self":[{"href":"https:\/\/staging.mittelalterkraemer.de\/index.php?rest_route=\/wp\/v2\/pages\/8703","targetHints":{"allow":["GET"]}}],"collection":[{"href":"https:\/\/staging.mittelalterkraemer.de\/index.php?rest_route=\/wp\/v2\/pages"}],"about":[{"href":"https:\/\/staging.mittelalterkraemer.de\/index.php?rest_route=\/wp\/v2\/types\/page"}],"author":[{"embeddable":true,"href":"https:\/\/staging.mittelalterkraemer.de\/index.php?rest_route=\/wp\/v2\/users\/2"}],"replies":[{"embeddable":true,"href":"https:\/\/staging.mittelalterkraemer.de\/index.php?rest_route=%2Fwp%2Fv2%2Fcomments&post=8703"}],"version-history":[{"count":7,"href":"https:\/\/staging.mittelalterkraemer.de\/index.php?rest_route=\/wp\/v2\/pages\/8703\/revisions"}],"predecessor-version":[{"id":8989,"href":"https:\/\/staging.mittelalterkraemer.de\/index.php?rest_route=\/wp\/v2\/pages\/8703\/revisions\/8989"}],"wp:attachment":[{"href":"https:\/\/staging.mittelalterkraemer.de\/index.php?rest_route=%2Fwp%2Fv2%2Fmedia&parent=8703"}],"curies":[{"name":"wp","href":"https:\/\/api.w.org\/{rel}","templated":true}]}}