{"id":8668,"date":"2020-12-18T16:00:46","date_gmt":"2020-12-18T14:00:46","guid":{"rendered":"https:\/\/staging.mittelalterkraemer.de\/?page_id=8668"},"modified":"2021-02-05T10:12:30","modified_gmt":"2021-02-05T08:12:30","slug":"widerrufsrecht-fuer-verbraucher","status":"publish","type":"page","link":"https:\/\/staging.mittelalterkraemer.de\/?page_id=8668","title":{"rendered":"Widerrufsbelehrung und Muster-Widerrufsformular"},"content":{"rendered":"\n<p><span class=\"Haendlerbund_Rechtstext_Absatz\"><strong><span class=\"Haendlerbund_Rechtstext_Titel\">Widerrufsrecht f\u00fcr Verbraucher\u00a0<\/span><\/strong><\/span><br \/><span class=\"Haendlerbund_Rechtstext_Absatz\">(Verbraucher ist jede nat\u00fcrliche Person, die ein Rechtsgesch\u00e4ft zu Zwecken abschlie\u00dft, die \u00fcberwiegend weder ihrer gewerblichen noch ihrer selbstst\u00e4ndigen beruflichen T\u00e4tigkeit zugerechnet werden k\u00f6nnen.)<\/span><br \/><br \/><span class=\"Haendlerbund_Rechtstext_Paragraph\"><strong>Widerrufsbelehrung<\/strong><\/span><br \/><br \/><span class=\"Haendlerbund_Rechtstext_Absatz\"><strong>Widerrufsrecht<\/strong><br \/>Sie haben das Recht, binnen 14 Tagen ohne Angabe von Gr\u00fcnden diesen Vertrag zu widerrufen.<br \/>Die Widerrufsfrist betr\u00e4gt 14 Tage ab dem Tag,<\/span><br \/><br \/><span class=\"Haendlerbund_Rechtstext_Absatz\">&#8211; an dem Sie oder ein von Ihnen benannter Dritter, der nicht der Bef\u00f6rderer ist, die Waren in Besitz genommen haben bzw. hat, sofern Sie eine oder mehrere Waren im Rahmen einer einheitlichen Bestellung bestellt haben und diese einheitlich geliefert wird bzw. werden<\/span>;<br \/><br \/><span class=\"Haendlerbund_Rechtstext_Absatz\">&#8211; an dem Sie oder ein von Ihnen benannter Dritter, der nicht der Bef\u00f6rderer ist, die letzte Ware in Besitz genommen haben bzw. hat, sofern Sie mehrere Waren im Rahmen einer einheitlichen Bestellung bestellt haben und diese getrennt geliefert werden<\/span>;<br \/><br \/><span class=\"Haendlerbund_Rechtstext_Absatz\">Um Ihr Widerrufsrecht auszu\u00fcben, m\u00fcssen Sie uns\u00a0<strong>(Maik Hartmann, Hainburgstra\u00dfe 17, 72415 Grosselfingen, Telefonnr.: 01705206576, E-Mail-Adresse: info@mittelalterkraemer.de)<\/strong>\u00a0mittels einer eindeutigen Erkl\u00e4rung (z.B. ein mit der Post versandter Brief, Telefax oder E-Mail) \u00fcber Ihren Entschluss, diesen Vertrag zu widerrufen, informieren. Sie k\u00f6nnen daf\u00fcr das beigef\u00fcgte Muster-Widerrufsformular verwenden, das jedoch nicht vorgeschrieben ist.<\/span><br \/><br \/><span class=\"Haendlerbund_Rechtstext_Absatz\">Zur Wahrung der Widerrufsfrist reicht es aus, dass Sie die Mitteilung \u00fcber die Aus\u00fcbung des Widerrufsrechts vor Ablauf der Widerrufsfrist absenden.<\/span><br \/><br \/><span class=\"Haendlerbund_Rechtstext_Absatz\"><strong>Folgen des Widerrufs<\/strong><br \/><br \/>Wenn Sie diesen Vertrag widerrufen, haben wir Ihnen alle Zahlungen, die wir von Ihnen erhalten haben, einschlie\u00dflich der Lieferkosten (mit Ausnahme der zus\u00e4tzlichen Kosten, die sich daraus ergeben, dass Sie eine andere Art der Lieferung als die von uns angebotene, g\u00fcnstigste Standardlieferung gew\u00e4hlt haben), unverz\u00fcglich und sp\u00e4testens binnen 14\u00a0Tagen\u00a0ab dem Tag zur\u00fcckzuzahlen, an dem die Mitteilung \u00fcber Ihren Widerruf dieses Vertrags bei uns eingegangen ist. F\u00fcr diese R\u00fcckzahlung verwenden wir dasselbe Zahlungsmittel, das Sie bei der urspr\u00fcnglichen Transaktion eingesetzt haben, es sei denn, mit Ihnen wurde ausdr\u00fccklich etwas anderes vereinbart; in keinem Fall werden Ihnen wegen dieser R\u00fcckzahlung Entgelte berechnet.<\/span><br \/><br \/><span class=\"Haendlerbund_Rechtstext_Absatz\">Wir k\u00f6nnen die R\u00fcckzahlung verweigern, bis wir die Waren wieder zur\u00fcckerhalten haben oder bis Sie den Nachweis erbracht haben, dass Sie die Waren zur\u00fcckgesandt haben, je nachdem, welches der fr\u00fchere Zeitpunkt ist.<\/span><br \/><br \/><span class=\"Haendlerbund_Rechtstext_Absatz\">Sie haben die Waren unverz\u00fcglich und in jedem Fall sp\u00e4testens binnen 14\u00a0Tagen\u00a0ab dem Tag, an dem Sie uns \u00fcber den Widerruf dieses Vertrags unterrichten, an uns\u00a0<\/span><span class=\"Haendlerbund_Rechtstext_Absatz\">\u00a0oder an Alwin Tritschler, Im Michelbuch 20, 72531 Hohenstein\u00a0<\/span><span class=\"Haendlerbund_Rechtstext_Absatz\">zur\u00fcckzusenden oder zu \u00fcbergeben. Die Frist ist gewahrt, wenn Sie die Waren vor Ablauf der Frist von\u00a014 Tagen\u00a0absenden.<\/span><br \/><br \/><span class=\"Haendlerbund_Rechtstext_Absatz\">Sie tragen die unmittelbaren Kosten der R\u00fccksendung der Waren.<\/span><br \/><br \/><span class=\"Haendlerbund_Rechtstext_Absatz\">Sie m\u00fcssen f\u00fcr einen etwaigen Wertverlust der Waren nur aufkommen, wenn dieser Wertverlust auf einen zur Pr\u00fcfung der Beschaffenheit, Eigenschaften und Funktionsweise der Waren nicht notwendigen Umgang mit ihnen zur\u00fcckzuf\u00fchren ist.<\/span><br \/><br \/><span class=\"Haendlerbund_Rechtstext_Absatz\"><strong>Ausschluss- bzw. Erl\u00f6schensgr\u00fcnde<\/strong><br \/><br \/>Das Widerrufsrecht besteht nicht bei Vertr\u00e4gen<\/span><br \/><br \/><span class=\"Haendlerbund_Rechtstext_Absatz\">&#8211; zur Lieferung von Waren, die nicht vorgefertigt sind und f\u00fcr deren Herstellung eine individuelle Auswahl oder Bestimmung durch den Verbraucher ma\u00dfgeblich ist oder die eindeutig auf die pers\u00f6nlichen Bed\u00fcrfnisse des Verbrauchers zugeschnitten sind;<\/span><br \/><span class=\"Haendlerbund_Rechtstext_Absatz\">&#8211; zur Lieferung von Waren, die schnell verderben k\u00f6nnen oder deren Verfallsdatum schnell \u00fcberschritten w\u00fcrde;<\/span><br \/><span class=\"Haendlerbund_Rechtstext_Absatz\">&#8211; zur Lieferung alkoholischer Getr\u00e4nke, deren Preis bei Vertragsschluss vereinbart wurde, die aber fr\u00fchestens 30 Tage nach Vertragsschluss geliefert werden k\u00f6nnen und deren aktueller Wert von Schwankungen auf dem Markt abh\u00e4ngt, auf die der Unternehmer keinen Einfluss hat;<\/span><br \/><span class=\"Haendlerbund_Rechtstext_Absatz\">&#8211; zur Lieferung von Zeitungen, Zeitschriften oder Illustrierten mit Ausnahme von Abonnement-Vertr\u00e4gen.<\/span><br \/><br \/><span class=\"Haendlerbund_Rechtstext_Absatz\">Das Widerrufsrecht erlischt vorzeitig bei Vertr\u00e4gen<\/span><br \/><br \/><span class=\"Haendlerbund_Rechtstext_Absatz\">&#8211; zur Lieferung versiegelter Waren, die aus Gr\u00fcnden des Gesundheitsschutzes oder der Hygiene nicht zur R\u00fcckgabe geeignet sind, wenn ihre Versiegelung nach der Lieferung entfernt wurde;<\/span><br \/><span class=\"Haendlerbund_Rechtstext_Absatz\">&#8211; zur Lieferung von Waren, wenn diese nach der Lieferung aufgrund ihrer Beschaffenheit untrennbar mit anderen G\u00fctern vermischt wurden;<\/span><br \/><span class=\"Haendlerbund_Rechtstext_Absatz\">&#8211; zur Lieferung von Ton- oder Videoaufnahmen oder Computersoftware in einer versiegelten Packung, wenn die Versiegelung nach der Lieferung entfernt wurde.<\/span><br \/><br \/><\/p>\n<hr \/>\n<p><span class=\"Haendlerbund_Rechtstext_Absatz\"><br \/><strong>Muster-Widerrufsformular<\/strong><br \/><br \/>(Wenn Sie den Vertrag widerrufen wollen, dann f\u00fcllen Sie bitte dieses Formular aus und senden Sie es zur\u00fcck.)<br \/><br \/>&#8211; An\u00a0Maik Hartmann, Hainburgstra\u00dfe 17, 72415 Grosselfingen,\u00a0E-Mail-Adresse:\u00a0info@mittelalterkraemer.de\u00a0:<br \/><br \/>&#8211; Hiermit widerrufe(n) ich\/ wir (*) den von mir\/ uns (*) abgeschlossenen Vertrag \u00fcber den Kauf der folgenden Waren (*)\/<br \/>\u00a0 die Erbringung der folgenden Dienstleistung (*)<br \/><br \/>&#8211; Bestellt am (*)\/ erhalten am (*)<br \/><br \/>&#8211; Name des\/ der Verbraucher(s)<br \/>&#8211; Anschrift des\/ der Verbraucher(s)<br \/>&#8211; Unterschrift des\/ der Verbraucher(s) (nur bei Mitteilung auf Papier)<br \/>&#8211; Datum<br \/><br \/>(*) Unzutreffendes streichen.<\/span><br \/><br \/><\/p>\n\n","protected":false},"excerpt":{"rendered":"","protected":false},"author":2,"featured_media":0,"parent":0,"menu_order":0,"comment_status":"closed","ping_status":"closed","template":"","meta":{"footnotes":""},"class_list":["post-8668","page","type-page","status-publish","hentry"],"_links":{"self":[{"href":"https:\/\/staging.mittelalterkraemer.de\/index.php?rest_route=\/wp\/v2\/pages\/8668","targetHints":{"allow":["GET"]}}],"collection":[{"href":"https:\/\/staging.mittelalterkraemer.de\/index.php?rest_route=\/wp\/v2\/pages"}],"about":[{"href":"https:\/\/staging.mittelalterkraemer.de\/index.php?rest_route=\/wp\/v2\/types\/page"}],"author":[{"embeddable":true,"href":"https:\/\/staging.mittelalterkraemer.de\/index.php?rest_route=\/wp\/v2\/users\/2"}],"replies":[{"embeddable":true,"href":"https:\/\/staging.mittelalterkraemer.de\/index.php?rest_route=%2Fwp%2Fv2%2Fcomments&post=8668"}],"version-history":[{"count":4,"href":"https:\/\/staging.mittelalterkraemer.de\/index.php?rest_route=\/wp\/v2\/pages\/8668\/revisions"}],"predecessor-version":[{"id":9108,"href":"https:\/\/staging.mittelalterkraemer.de\/index.php?rest_route=\/wp\/v2\/pages\/8668\/revisions\/9108"}],"wp:attachment":[{"href":"https:\/\/staging.mittelalterkraemer.de\/index.php?rest_route=%2Fwp%2Fv2%2Fmedia&parent=8668"}],"curies":[{"name":"wp","href":"https:\/\/api.w.org\/{rel}","templated":true}]}}